t(h) = -7 - 9 + 8 - h. Let l(y) = -y**3 - 6*y**2 + 8*y - 1. Let i be l(-7). Give t(i).
0
Let q(w) = w**2 - 3*w + 1. Let k(a) = a**2 + 8*a + 3. Let c be k(-7). Let v be (c/6)/(2/(-12)). Suppose 5 - 1 = v*r. Determine q(r).
-1
Let b be (-1)/(1 - 0)*-3. Let x(d) = -d**2 - 7*d + 1. Let n be x(-7). Suppose -b*j = 8 + n. Let l(t) = -t**2 - t + 2. What is l(j)?
-4
Let q = 8 - 7. Let h(f) = 5*f + 2 - f**3 + 2*f**3 - 2*f**3 + q + 5*f**2. Calculate h(6).
-3
Let y(m) = m**3 - 9*m**2 + 8*m + 10. Suppose -9 = 3*t + u - 31, 0 = -4*t - 4*u + 24. Give y(t).
10
Let w(f) = f**2 + 3*f. Let o = 20 + -26. Calculate w(o).
18
Let c(i) = -17*i**2 - 8*i - 8. Let u(j) = -8*j**2 - 4*j - 4. Let f(d) = -6*c(d) + 13*u(d). Determine f(-3).
-10
Let m(b) = -2*b. Let g be m(-4). Let j = g + -5. Let r(k) = 2*k - 1 - 4*k + 3*k + 5. Calculate r(j).
7
Let n be (16/(-20))/((-6)/(-15))*2. Let r(u) = -u**3 - 4*u**2 - 2*u - 3. Calculate r(n).
5
Let b(g) = -g + 10. Let v be b(5). Let t(f) be the first derivative of f**2/2 - 6*f + 12. What is t(v)?
-1
Let p be (-3)/((9/(-6))/1). Suppose 3*u = 15, 2*u + 19 = -p*g + 7*u. Suppose 0 - 6 = -g*h. Let f(d) = d**2 - 2*d. Calculate f(h).
0
Let f(j) = -j + 1. Let g be f(6). Let w(t) = t**2 + 3*t - 4. Calculate w(g).
6
Let c(s) = -s**3 + 8*s**2 - 2*s + 9. Suppose 0 = 10*q - 5*q - 40. What is c(q)?
-7
Let f(v) = -3 + 4*v - 3 + 6 - 2. Calculate f(4).
14
Let w(a) = 5*a - 1. Let r(z) = 11*z - 2. Let u(t) = -6*r(t) + 13*w(t). What is u(0)?
-1
Suppose 0 = 4*s - 2*l + 9 + 5, 0 = 2*s - 5*l + 3. Let m(d) = 3*d + 5. What is m(s)?
-7
Let v(l) = -l**2 - 2 + 0*l - l - 5 + 2 + l**3. Give v(0).
-5
Let f(o) be the second derivative of 0 - 1/2*o**4 - 1/6*o**3 - 2*o - 2*o**2 - 1/20*o**5. Give f(-6).
2
Let c = -30 - -35. Let j(y) = -y**3 + 3*y**2 + 7*y - 4. Give j(c).
-19
Suppose -7*q = 2*m - 3*q + 6, 7 = m - 3*q. Let h = -7 + m. Let l(j) = j**2 + 6*j. Give l(h).
0
Let l be -1 + -2 - -4 - -1. Let n(o) = 2 - 3*o + 4 - 5. Calculate n(l).
-5
Let i = -7 - -5. Let c = -3 + 5. Let f(s) = -s + 2 - s**3 - 3*s - 2*s**c + s + 2*s. Give f(i).
4
Suppose -s = 4*s - 10. Let o(z) = -9*z - 2. Determine o(s).
-20
Let j(l) = -21*l**2 + l. Let a = 36 + -35. Determine j(a).
-20
Let q(n) = -4*n + 3. Let d be q(2). Let h(w) = -w + 4. What is h(d)?
9
Let x(g) = g**2 - 12*g + 15. Let f be x(11). Let v(s) = 4*s**2 + 5*s + 2 + f + s**3 - 4. Give v(-3).
-4
Let b(x) = 4*x**3 + x**2 - 1. Suppose -q = 2*q - 3. Calculate b(q).
4
Let j(s) = 15*s**2 - 11. Let k(n) = 10*n**2 - 7. Let p(h) = -5*j(h) + 8*k(h). What is p(-1)?
4
Suppose 13 = 2*d + q, -5*d + 24 = -d + 4*q. Let w = 2 - 5. Let c = w + d. Let v(t) = 2*t - 1. Calculate v(c).
7
Let z(v) be the third derivative of -1/60*v**5 + 0 + 5/6*v**3 + 1/120*v**6 + 0*v**4 - 3*v**2 + 0*v. Calculate z(0).
5
Let d(t) = 5*t - t + 1 - 5*t. Let o be 7 - 1 - (0 + 1). Suppose -15 = -0*j + o*j. Calculate d(j).
4
Let a(q) = -12*q - 5. Let i(s) = -5*s - 2. Let c(g) = 3*a(g) - 7*i(g). Determine c(-6).
5
Let q(h) = 9*h**3 - 6*h**2 - 2 - 8*h**3 + 6*h + 0*h. Calculate q(4).
-10
Let n(f) = f - 3. Let u be n(2). Let m(j) = -j + 1. Let w(r) = -2*r + 4. Let v(q) = u*w(q) + m(q). Let l = -1 - -5. Determine v(l).
1
Let n(j) = j**2 - 8. Let y be n(0). Let t(l) = 7*l**2 + l - 6. Let k(i) = -11*i**2 - i + 9. Let p(z) = y*t(z) - 5*k(z). Determine p(-4).
-1
Let c be (2/(-2))/(4/(-24)). Suppose -2 = 2*r - c. Let w(g) = 0*g + 2*g**2 - 2*g - 2*g**3 + g + r. Give w(2).
-8
Let j(g) = -g**3 - 2*g**2 + g - 2. Let m(r) = -r**2 + 7*r + 5. Let w be m(7). Suppose -n + 6 = -3*h - 0*n, -w*n = -5*h. Calculate j(h).
4
Let t(a) be the second derivative of a**3/3 + a**2 - a. Let s(n) = 5*n + 11. Let y be s(-3). Let q = -8 - y. Give t(q).
-6
Let r(l) be the second derivative of -l**5/20 + l**4/12 + 3*l**2/2 - 14*l. Let t = 2 - 2. What is r(t)?
3
Let o(v) be the third derivative of 1/24*v**4 + 0 - 6*v**2 - 5/6*v**3 + 0*v. Calculate o(4).
-1
Let r(w) = -w**2 + w - 4. Let n be r(0). Let k(l) = -l**3 - 6*l**2 - 6*l - 5. Give k(n).
-13
Let n(u) = u**2 + 7*u + 7. Let y be n(-5). Let b(p) = -p**3 + p**2 + 4. Suppose -i = -0 - 3. Let k(w) = -2*w**3 + w + 5. Let j(o) = i*b(o) - 2*k(o). Give j(y).
8
Let c(b) = -b**3 + b - 1. Let j(m) = m + 7. Let f be j(-8). Let d(l) = 4*l**3 + 5*l**2 + 6. Let t(o) = f*d(o) - 3*c(o). Determine t(-5).
12
Let l = 4 - 4. Let k(r) = r. Let a(j) = -5*j - 9. Let g(p) = a(p) + 4*k(p). Calculate g(l).
-9
Let m(k) be the third derivative of k**4/24 + 7*k**3/6 + 18*k**2. Determine m(-5).
2
Let b(n) be the first derivative of n**5/120 - n**4/8 - 2*n**3/3 - 2. Let l(k) be the third derivative of b(k). Let x = 24 + -19. Calculate l(x).
2
Let c(h) = -154*h. Let l(o) = -14*o. Let r(z) = 5*c(z) - 56*l(z). Calculate r(-1).
-14
Let g(x) = 24*x - 28. Let r(n) = -8*n + 9. Let j(k) = 5*g(k) + 16*r(k). Let i(f) = f - 1. Let w(t) = 4*i(t) + j(t). Calculate w(4).
-16
Let u(p) = p. Let d(m) = 9*m + 1. Let j(k) = d(k) - 3*u(k). Calculate j(2).
13
Let j(w) be the first derivative of -w**4/4 - 7*w**3/3 - 3*w**2 + 8*w - 1. Suppose 2*k + 22 = -3*n, -5*n - 23 - 15 = 4*k. Calculate j(n).
8
Let v(o) = 8*o**3 - 2*o**2 - 2*o - 1. Suppose -9*p = -2*p + 7. Give v(p).
-9
Let w(i) = -4*i**3 + 7*i**2 - 11*i + 5. Let z(t) = -3*t**3 + 7*t**2 - 10*t + 6. Let p(g) = -4*w(g) + 5*z(g). What is p(-8)?
-6
Let i(a) = -a**3 + 5*a**2 + 6*a - 8. Let s = 6 + 0. Calculate i(s).
-8
Let a(p) = p + 5*p + 6*p**2 - p**3 - p**2 - 7. Suppose -1 = -3*z + 17. Determine a(z).
-7
Let l(n) = n**3 - 4*n**2 + n - 4. Let b = 3 + 0. Suppose -8*j + b*j = q - 18, 2*q = 4*j + 50. Suppose -3*u = -u + 3*o - q, -u + 4*o - 16 = 0. Determine l(u).
0
Let o = -3 - -5. Suppose 4*d = o*s - 6, -3*d + 6*d = 4*s - 12. Suppose 3*q + 21 = -s*z, 0 = 2*q + 4*z + 19 + 1. Let i(l) = 3*l + 5. Determine i(q).
-7
Let v = -2 - -4. Let c(w) = -w**2 + 6*w**2 + 5 - 2*w**v - 5*w - 2*w**2. Let o be c(4). Let t(u) = -3*u**2 + u. Calculate t(o).
-2
Let i(w) be the second derivative of 0 + w**3 - 1/60*w**5 + 0*w**4 + w - 1/2*w**2. Let m(d) be the first derivative of i(d). Calculate m(0).
6
Let t(q) = -q - 5. Suppose -3*f + 4 = 10. Let d be 2 + (-5)/(5/f). Suppose b = d*l - 5, 3*b = 2*l + 5*b + 10. Give t(l).
-5
Let p(d) = -d**3 - 3*d**2 - 2*d - 4. Let j(k) = -3*k**3 - 8*k**2 - 7*k - 11. Let u(f) = 2*j(f) - 7*p(f). Suppose 2*g - 1 = -11. Determine u(g).
6
Let d(t) = -t**3 + 4*t**2 + 5*t + 3. Let a be d(5). Let r(b) = -a + 9*b**2 + b**3 - 5*b - 24*b**2 + 10*b**2. Give r(6).
3
Let z = -1 + 3. Let x(k) = k**2 - k. Let y be x(2). Let u(n) = 2*n**y - n + 2 + 1 - 1 + n**2. Calculate u(z).
12
Let g(l) = l + 5. Let k(h) = 2*h + 10. Let m(s) = -11*g(s) + 6*k(s). Give m(-5).
0
Let d(i) be the second derivative of -i**3/6 + 5*i**2/2 + 10*i. Suppose -2*h - h - g + 7 = 0, 3*h - 2*g - 22 = 0. What is d(h)?
1
Suppose -5*k + 4*s - 12 + 53 = 0, k = 2*s + 13. Suppose 4*n - 2 = -k*p, 2*p + 3 = -3*n + 1. Let a(d) = 2*d + 1 + d**2 + 1 - 2. Determine a(n).
0
Let u(n) = -2*n**2 - 4. Let c(k) = 3*k**2 + 5. Let y(l) = 4*c(l) + 5*u(l). Suppose 4*q + 3*v - 7 = 0, 2*v - 5 = -2*q + 1. What is y(q)?
8
Let j(w) = 3*w**2 - w - 2 + 4 - 1. Suppose -4*o + 12 = 4, 18 = 2*v + 3*o. Let u be (26/(-39))/((-4)/v). What is j(u)?
3
Let s(a) be the first derivative of -a**3/3 + a**2/2 - a + 1. Let z be 10*((-27)/6)/(-3). Suppose 6*c = c + z. Calculate s(c).
-7
Let h(w) = -w**3 - 5*w**2 - 2*w + 4. Suppose -2*c - 2*c = -12. Suppose -c*v + 18 + 6 = 0. Let d be (6/v)/((-1)/4). What is h(d)?
-8
Suppose o + 3*o + 5*c = 1, 3 = -c. Let i be (0 - 1)/((-2)/o). Let u(d) = -5 + 3*d**2 - 5*d**i + 5*d + 3 + d**2. Determine u(5).
-2
Let x(a) = -a**2 + 6*a + 2. Let y(h) = h - 5. Let b be y(11). Let c be x(b). Let t(z) = 5*z + z + 2*z**c - 3*z**2 - 4*z - 3. Give t(2).
-3
Let x = -4 + 0. Let w(z) = -z**2 - 9*z - 4. Give w(x).
16
Let g(r) = -7 + r**2 + 8 + r**2 - 3*r. Let i = 10 + -8. Determine g(i).
3
Let o = 14 - -6. Suppose -29 = 5*j - 4*c + o, -j - 2*c - 21 = 0. Let s = j - -8. Let a(f) = f**3 + 6*f**2 + 2*f - 6. Determine a(s).
9
Let m = 51/98 + -1/49. Let v(y) be the first derivative of m*y**2 - 4*y - 2 + 1/3*y**3. What is v(-3)?
2
Let i(n) = 3*n - 2*n + 4 + 0. Let c = 237 + -237. Determine i(c).
4
Let c(u) = -u - 1. Let z be 29/(-5) - (-64)/80. Determine c(z).
4
Suppose 5*s = r + 3, 0 = -4*r - 4*s + 13 - 1. Let m(g) = -r*g**3